{"id":3893,"date":"2026-07-31T17:54:11","date_gmt":"2026-07-31T20:54:11","guid":{"rendered":"https:\/\/congressocmba.com.br\/site\/palestrantes\/rassen-saidah\/"},"modified":"2026-07-31T17:54:11","modified_gmt":"2026-07-31T20:54:11","slug":"rassen-saidah","status":"publish","type":"cmba_speaker","link":"https:\/\/congressocmba.com.br\/site\/palestrantes\/rassen-saidah\/","title":{"rendered":"Rassen Saidah"},"content":{"raw":"","rendered":"","protected":false},"excerpt":{"raw":"Prof. Adjunto Dr. do Servi\u00e7o de Acupuntura do Departamento de Medicina da FAMERP- Faculdade de Medicina de S\u00e3o Jos\u00e9 do Rio Preto - SP.","rendered":"<p>Prof. Adjunto Dr. do Servi\u00e7o de Acupuntura do Departamento de Medicina da FAMERP- Faculdade de Medicina de S\u00e3o Jos\u00e9 do Rio Preto - SP.<\/p>\n","protected":false},"featured_media":0,"menu_order":0,"template":"","class_list":["post-3893","cmba_speaker","type-cmba_speaker","status-publish","hentry"],"blocksy_meta":{"styles_descriptor":{"styles":{"desktop":"","tablet":"","mobile":""},"google_fonts":[],"version":7}},"_links":{"self":[{"href":"https:\/\/congressocmba.com.br\/site\/wp-json\/wp\/v2\/cmba_speaker\/3893","targetHints":{"allow":["GET"]}}],"collection":[{"href":"https:\/\/congressocmba.com.br\/site\/wp-json\/wp\/v2\/cmba_speaker"}],"about":[{"href":"https:\/\/congressocmba.com.br\/site\/wp-json\/wp\/v2\/types\/cmba_speaker"}],"wp:attachment":[{"href":"https:\/\/congressocmba.com.br\/site\/wp-json\/wp\/v2\/media?parent=3893"}],"curies":[{"name":"wp","href":"https:\/\/api.w.org\/{rel}","templated":true}]}}

Prof. Adjunto Dr. do Serviço de Acupuntura do Departamento de Medicina da FAMERP- Faculdade de Medicina de São José do Rio Preto - SP.

<p>Prof. Adjunto Dr. do Serviço de Acupuntura do Departamento de Medicina da FAMERP- Faculdade de Medicina de São José do Rio Preto - SP.</p>
