{"id":3894,"date":"2026-07-31T21:19:04","date_gmt":"2026-08-01T00:19:04","guid":{"rendered":"https:\/\/congressocmba.com.br\/site\/palestrantes\/luiz-gustavo-dian\/"},"modified":"2026-07-31T21:19:04","modified_gmt":"2026-08-01T00:19:04","slug":"luiz-gustavo-dian","status":"publish","type":"cmba_speaker","link":"https:\/\/congressocmba.com.br\/site\/palestrantes\/luiz-gustavo-dian\/","title":{"rendered":"LUIZ GUSTAVO DIAN"},"content":{"raw":"","rendered":"","protected":false},"excerpt":{"raw":"Formado pela Faculdade de Medicina de Catanduva 2004\r\nCl\u00ednica m\u00e9dica pela Funda\u00e7\u00e3o Padre Albino (Catanduva) 2007-08\r\nEspecializa\u00e7\u00e3o em Acupuntura pela IOT - FMUSP 2011-12\r\nEspecialista em Acupuntura pelo CMBA 2014\r\n\u2022 Diretor da regional Catanduva, pelo CMAESP\r\nM\u00e9dico acupunturista pelo SUS AME Catan","rendered":"<p>Formado pela Faculdade de Medicina de Catanduva 2004<br \/>\nCl\u00ednica m\u00e9dica pela Funda\u00e7\u00e3o Padre Albino (Catanduva) 2007-08<br \/>\nEspecializa\u00e7\u00e3o em Acupuntura pela IOT - FMUSP 2011-12<br \/>\nEspecialista em Acupuntura pelo CMBA 2014<br \/>\n\u2022 Diretor da regional Catanduva, pelo CMAESP<br \/>\nM\u00e9dico acupunturista pelo SUS AME Catan<\/p>\n","protected":false},"featured_media":0,"menu_order":0,"template":"","class_list":["post-3894","cmba_speaker","type-cmba_speaker","status-publish","hentry"],"blocksy_meta":{"styles_descriptor":{"styles":{"desktop":"","tablet":"","mobile":""},"google_fonts":[],"version":7}},"_links":{"self":[{"href":"https:\/\/congressocmba.com.br\/site\/wp-json\/wp\/v2\/cmba_speaker\/3894","targetHints":{"allow":["GET"]}}],"collection":[{"href":"https:\/\/congressocmba.com.br\/site\/wp-json\/wp\/v2\/cmba_speaker"}],"about":[{"href":"https:\/\/congressocmba.com.br\/site\/wp-json\/wp\/v2\/types\/cmba_speaker"}],"wp:attachment":[{"href":"https:\/\/congressocmba.com.br\/site\/wp-json\/wp\/v2\/media?parent=3894"}],"curies":[{"name":"wp","href":"https:\/\/api.w.org\/{rel}","templated":true}]}}

Formado pela Faculdade de Medicina de Catanduva 2004
Clínica médica pela Fundação Padre Albino (Catanduva) 2007-08
Especialização em Acupuntura pela IOT - FMUSP 2011-12
Especialista em Acupuntura pelo CMBA 2014
• Diretor da regional Catanduva, pelo CMAESP
Médico acupunturista pelo SUS AME Catan

<p>Formado pela Faculdade de Medicina de Catanduva 2004<br />
Clínica médica pela Fundação Padre Albino (Catanduva) 2007-08<br />
Especialização em Acupuntura pela IOT - FMUSP 2011-12<br />
Especialista em Acupuntura pelo CMBA 2014<br />
• Diretor da regional Catanduva, pelo CMAESP<br />
Médico acupunturista pelo SUS AME Catan</p>
