{"id":3900,"date":"2026-08-01T18:05:52","date_gmt":"2026-08-01T21:05:52","guid":{"rendered":"https:\/\/congressocmba.com.br\/site\/palestrantes\/roberta-dalla-corte\/"},"modified":"2026-08-01T18:05:52","modified_gmt":"2026-08-01T21:05:52","slug":"roberta-dalla-corte","status":"publish","type":"cmba_speaker","link":"https:\/\/congressocmba.com.br\/site\/palestrantes\/roberta-dalla-corte\/","title":{"rendered":"ROBERTA DALLA CORTE"},"content":{"raw":"","rendered":"","protected":false},"excerpt":{"raw":"Doutora em Medicina. Professora do Departamento de Medicina Interna da Universidade Federal do Rio Grande do Sul. Coordenadora do Curso de Especializa\u00e7\u00e3o em Acupuntura do CESAC RS. M\u00e9dica Geriatra e Acupunturiatra especialista em DOR.","rendered":"<p>Doutora em Medicina. Professora do Departamento de Medicina Interna da Universidade Federal do Rio Grande do Sul. Coordenadora do Curso de Especializa\u00e7\u00e3o em Acupuntura do CESAC RS. M\u00e9dica Geriatra e Acupunturiatra especialista em DOR.<\/p>\n","protected":false},"featured_media":3897,"menu_order":0,"template":"","class_list":["post-3900","cmba_speaker","type-cmba_speaker","status-publish","has-post-thumbnail","hentry"],"blocksy_meta":{"styles_descriptor":{"styles":{"desktop":"","tablet":"","mobile":""},"google_fonts":[],"version":7}},"_links":{"self":[{"href":"https:\/\/congressocmba.com.br\/site\/wp-json\/wp\/v2\/cmba_speaker\/3900","targetHints":{"allow":["GET"]}}],"collection":[{"href":"https:\/\/congressocmba.com.br\/site\/wp-json\/wp\/v2\/cmba_speaker"}],"about":[{"href":"https:\/\/congressocmba.com.br\/site\/wp-json\/wp\/v2\/types\/cmba_speaker"}],"wp:attachment":[{"href":"https:\/\/congressocmba.com.br\/site\/wp-json\/wp\/v2\/media?parent=3900"}],"curies":[{"name":"wp","href":"https:\/\/api.w.org\/{rel}","templated":true}]}}

Doutora em Medicina. Professora do Departamento de Medicina Interna da Universidade Federal do Rio Grande do Sul. Coordenadora do Curso de Especialização em Acupuntura do CESAC RS. Médica Geriatra e Acupunturiatra especialista em DOR.

<p>Doutora em Medicina. Professora do Departamento de Medicina Interna da Universidade Federal do Rio Grande do Sul. Coordenadora do Curso de Especialização em Acupuntura do CESAC RS. Médica Geriatra e Acupunturiatra especialista em DOR.</p>
