{"id":3911,"date":"2026-08-04T18:15:14","date_gmt":"2026-08-04T21:15:14","guid":{"rendered":"https:\/\/congressocmba.com.br\/site\/palestrantes\/raul-lamberti\/"},"modified":"2026-08-04T18:15:14","modified_gmt":"2026-08-04T21:15:14","slug":"raul-lamberti","status":"publish","type":"cmba_speaker","link":"https:\/\/congressocmba.com.br\/site\/palestrantes\/raul-lamberti\/","title":{"rendered":"RAUL LAMBERTI"},"content":{"raw":"","rendered":"","protected":false},"excerpt":{"raw":"M\u00e9dico pela USP Ribeir\u00e3o Preto\r\nT\u00edtulo de Especialista em Acupuntura e Dor (USP\/AMB)\r\nP\u00f3s Gradua\u00e7\u00e3o em Medicina Esportiva e Medicina Regenerativa\r\nFellowship em Interven\u00e7\u00e3o em Dor (HC-FMRP\/USP)\r\nCoordenador da P\u00f3s Gradua\u00e7\u00e3o em Tratamento Intervencionista da Dor (VMED)\r\nS\u00f3cio-fundador da RED","rendered":"<p>M\u00e9dico pela USP Ribeir\u00e3o Preto<br \/>\nT\u00edtulo de Especialista em Acupuntura e Dor (USP\/AMB)<br \/>\nP\u00f3s Gradua\u00e7\u00e3o em Medicina Esportiva e Medicina Regenerativa<br \/>\nFellowship em Interven\u00e7\u00e3o em Dor (HC-FMRP\/USP)<br \/>\nCoordenador da P\u00f3s Gradua\u00e7\u00e3o em Tratamento Intervencionista da Dor (VMED)<br \/>\nS\u00f3cio-fundador da RED<\/p>\n","protected":false},"featured_media":3910,"menu_order":0,"template":"","class_list":["post-3911","cmba_speaker","type-cmba_speaker","status-publish","has-post-thumbnail","hentry"],"blocksy_meta":{"styles_descriptor":{"styles":{"desktop":"","tablet":"","mobile":""},"google_fonts":[],"version":7}},"_links":{"self":[{"href":"https:\/\/congressocmba.com.br\/site\/wp-json\/wp\/v2\/cmba_speaker\/3911","targetHints":{"allow":["GET"]}}],"collection":[{"href":"https:\/\/congressocmba.com.br\/site\/wp-json\/wp\/v2\/cmba_speaker"}],"about":[{"href":"https:\/\/congressocmba.com.br\/site\/wp-json\/wp\/v2\/types\/cmba_speaker"}],"wp:attachment":[{"href":"https:\/\/congressocmba.com.br\/site\/wp-json\/wp\/v2\/media?parent=3911"}],"curies":[{"name":"wp","href":"https:\/\/api.w.org\/{rel}","templated":true}]}}

Médico pela USP Ribeirão Preto
Título de Especialista em Acupuntura e Dor (USP/AMB)
Pós Graduação em Medicina Esportiva e Medicina Regenerativa
Fellowship em Intervenção em Dor (HC-FMRP/USP)
Coordenador da Pós Graduação em Tratamento Intervencionista da Dor (VMED)
Sócio-fundador da RED

<p>Médico pela USP Ribeirão Preto<br />
Título de Especialista em Acupuntura e Dor (USP/AMB)<br />
Pós Graduação em Medicina Esportiva e Medicina Regenerativa<br />
Fellowship em Intervenção em Dor (HC-FMRP/USP)<br />
Coordenador da Pós Graduação em Tratamento Intervencionista da Dor (VMED)<br />
Sócio-fundador da RED</p>
