{"id":3923,"date":"2026-08-13T17:54:22","date_gmt":"2026-08-13T20:54:22","guid":{"rendered":"https:\/\/congressocmba.com.br\/site\/palestrantes\/jorgean-grego-goncalves\/"},"modified":"2026-08-13T17:54:22","modified_gmt":"2026-08-13T20:54:22","slug":"jorgean-grego-goncalves","status":"publish","type":"cmba_speaker","link":"https:\/\/congressocmba.com.br\/site\/palestrantes\/jorgean-grego-goncalves\/","title":{"rendered":"JORGEAN GREGO GON\u00c7ALVES"},"content":{"raw":"","rendered":"","protected":false},"excerpt":{"raw":"Presidente do CMA-ES: 2024-2027\r\nJorgean Grego Gon\u00e7alves \u00e9 m\u00e9dico pela UFRJ (1981), ortopedista e traumatologista, p\u00f3s-graduado em Acupuntura M\u00e9dica (1981), Homeopatia e Gest\u00e3o da Sa\u00fade. Especialista em Acupuntura, presidiu a AMBA (2005\u20132008) e dirige a Cl\u00ednica do Movimento desde 1995.","rendered":"<p>Presidente do CMA-ES: 2024-2027<br \/>\nJorgean Grego Gon\u00e7alves \u00e9 m\u00e9dico pela UFRJ (1981), ortopedista e traumatologista, p\u00f3s-graduado em Acupuntura M\u00e9dica (1981), Homeopatia e Gest\u00e3o da Sa\u00fade. Especialista em Acupuntura, presidiu a AMBA (2005\u20132008) e dirige a Cl\u00ednica do Movimento desde 1995.<\/p>\n","protected":false},"featured_media":0,"menu_order":0,"template":"","class_list":["post-3923","cmba_speaker","type-cmba_speaker","status-publish","hentry"],"blocksy_meta":{"styles_descriptor":{"styles":{"desktop":"","tablet":"","mobile":""},"google_fonts":[],"version":7}},"_links":{"self":[{"href":"https:\/\/congressocmba.com.br\/site\/wp-json\/wp\/v2\/cmba_speaker\/3923","targetHints":{"allow":["GET"]}}],"collection":[{"href":"https:\/\/congressocmba.com.br\/site\/wp-json\/wp\/v2\/cmba_speaker"}],"about":[{"href":"https:\/\/congressocmba.com.br\/site\/wp-json\/wp\/v2\/types\/cmba_speaker"}],"wp:attachment":[{"href":"https:\/\/congressocmba.com.br\/site\/wp-json\/wp\/v2\/media?parent=3923"}],"curies":[{"name":"wp","href":"https:\/\/api.w.org\/{rel}","templated":true}]}}

JORGEAN GREGO GONÇALVES

Presidente do CMA-ES: 2024-2027
Jorgean Grego Gonçalves é médico pela UFRJ (1981), ortopedista e traumatologista, pós-graduado em Acupuntura Médica (1981), Homeopatia e Gestão da Saúde. Especialista em Acupuntura, presidiu a AMBA (2005–2008) e dirige a Clínica do Movimento desde 1995.

<p>Presidente do CMA-ES: 2024-2027<br />
Jorgean Grego Gonçalves é médico pela UFRJ (1981), ortopedista e traumatologista, pós-graduado em Acupuntura Médica (1981), Homeopatia e Gestão da Saúde. Especialista em Acupuntura, presidiu a AMBA (2005–2008) e dirige a Clínica do Movimento desde 1995.</p>
