{"id":3941,"date":"2026-09-01T18:26:23","date_gmt":"2026-09-01T21:26:23","guid":{"rendered":"https:\/\/congressocmba.com.br\/site\/palestrantes\/liyoko-okino\/"},"modified":"2026-09-01T18:26:23","modified_gmt":"2026-09-01T21:26:23","slug":"liyoko-okino","status":"publish","type":"cmba_speaker","link":"https:\/\/congressocmba.com.br\/site\/palestrantes\/liyoko-okino\/","title":{"rendered":"LIYOKO OKINO"},"content":{"raw":"","rendered":"","protected":false},"excerpt":{"raw":"M\u00e9dica dermatologista pela FMRPUSP e ACUPUNTURIATRA RQE 34462 COORDENADORA do curso de P\u00d3S GRADUA\u00c7\u00c3O-MEC e ESPECIALIZA\u00c7\u00c3O ACUPUNTURA M\u00c9DICA -CEALO REPRESENTANTE DAREGIONAL RP do CEMAESP","rendered":"<p>M\u00e9dica dermatologista pela FMRPUSP e ACUPUNTURIATRA RQE 34462 COORDENADORA do curso de P\u00d3S GRADUA\u00c7\u00c3O-MEC e ESPECIALIZA\u00c7\u00c3O ACUPUNTURA M\u00c9DICA -CEALO REPRESENTANTE DAREGIONAL RP do CEMAESP<\/p>\n","protected":false},"featured_media":0,"menu_order":0,"template":"","class_list":["post-3941","cmba_speaker","type-cmba_speaker","status-publish","hentry"],"blocksy_meta":{"styles_descriptor":{"styles":{"desktop":"","tablet":"","mobile":""},"google_fonts":[],"version":7}},"_links":{"self":[{"href":"https:\/\/congressocmba.com.br\/site\/wp-json\/wp\/v2\/cmba_speaker\/3941","targetHints":{"allow":["GET"]}}],"collection":[{"href":"https:\/\/congressocmba.com.br\/site\/wp-json\/wp\/v2\/cmba_speaker"}],"about":[{"href":"https:\/\/congressocmba.com.br\/site\/wp-json\/wp\/v2\/types\/cmba_speaker"}],"wp:attachment":[{"href":"https:\/\/congressocmba.com.br\/site\/wp-json\/wp\/v2\/media?parent=3941"}],"curies":[{"name":"wp","href":"https:\/\/api.w.org\/{rel}","templated":true}]}}

Médica dermatologista pela FMRPUSP e ACUPUNTURIATRA RQE 34462 COORDENADORA do curso de PÓS GRADUAÇÃO-MEC e ESPECIALIZAÇÃO ACUPUNTURA MÉDICA -CEALO REPRESENTANTE DAREGIONAL RP do CEMAESP

<p>Médica dermatologista pela FMRPUSP e ACUPUNTURIATRA RQE 34462 COORDENADORA do curso de PÓS GRADUAÇÃO-MEC e ESPECIALIZAÇÃO ACUPUNTURA MÉDICA -CEALO REPRESENTANTE DAREGIONAL RP do CEMAESP</p>
